Let q(g) = -2*g - 5. Let t be q(-3). Let y be (t/4 + 5/(-20))*1. Let a be y/(-4) - -3 - -1*5. What is the highest common divisor of a and 4?
4
Suppose 777 = k + 767, -2*b - 3*k + 282 = 0. Suppose 47 + 24 = 2*j - x, -4*x + 4 = 0. Calculate the greatest common divisor of b and j.
18
Let l be ((-5686)/(-4) + ((-589)/(-38))/(-31))*1. Calculate the highest common factor of 2639 and l.
203
Let z(u) = -40*u - 122. Let k be z(-3). Let d be 3/k*56/(-84). What is the greatest common divisor of d and 37?
1
Let y be 95*-13*(-7 - (-11 - -7))/5. Calculate the highest common divisor of y and 133.
19
Let v(z) = z**3 + 9*z**2 - 15*z - 106. Let i be v(-8). Suppose -i*b + 75*b = -126. What is the greatest common divisor of 14 and b?
14
Let z = -60 - -63. Suppose l - 5*y - 12 = -4*y, -2*l - z*y = -24. What is the greatest common factor of l and 444?
12
Suppose -6072 = -v + n, -3*n - n = -5*v + 30352. Calculate the highest common divisor of v and 16.
16
Let z(l) = -l**3 - 19*l**2 + 22*l + 50. Let d be z(-20). Suppose 5*b = k, -33 = -k - 2*b - 5. Calculate the highest common divisor of d and k.
10
Let s(m) = 6*m**2 - 6*m + 12. Let y be s(6). Let j be y/(-1)*9/(-6). Let h be 4/(1*(-2)/(-16)). Calculate the greatest common factor of h and j.
32
Let u = 119 - 57. Suppose a - 5*s - u = 30, -3*s = -15. Calculate the greatest common divisor of 13 and a.
13
Let g(u) = u**2 + 27*u + 7. Let t be g(-12). Let q be (-1)/3 - t*(-6)/(-9). Let i be (253/(-11))/((-2)/4). Calculate the highest common divisor of i and q.
23
Suppose 40*r - 59 = 461. What is the highest common divisor of r and 3107?
13
Suppose o - 24055 = -4*q, 1437*q - 5*o = 1436*q + 5977. Calculate the greatest common divisor of 24 and q.
12
Let m = -74 - -80. Suppose -m*q = -15*q + 72. Let p = q - 7. Calculate the greatest common divisor of 9 and p.
1
Suppose -2*o + o + 52 = 0. Suppose 96 = -23*t + 31*t. Let s = o - t. Calculate the highest common factor of 10 and s.
10
Let n(y) = y + 1. Let d(i) = i**2 - 14*i - 101. Let z(c) = d(c) + 3*n(c). Let o be z(20). What is the highest common factor of 41 and o?
41
Let k = -370 + 462. Suppose 10 - 70 = -15*c. Calculate the highest common divisor of k and c.
4
Let i = -9786 + 9809. What is the highest common factor of 3427 and i?
23
Let a(l) = 3*l - 39*l**2 + 3 + 2*l - 6*l - 17*l**2. Let v be a(1). Let m = v + 126. Calculate the greatest common factor of 8 and m.
8
Suppose 4*y = 3*y + 28. Let g = 732 - 592. What is the greatest common factor of y and g?
28
Let t be 2/(-2) + (-2)/4*-46. Suppose 4*b + 3*d - 976 = 527, 0 = 3*d + 9. Let w = 554 - b. What is the greatest common factor of t and w?
22
Suppose -24*q + 1293 + 28424 = -21499. What is the highest common factor of 44 and q?
22
Suppose 3*y = -28*y + 93. Suppose k + y*m = m + 48, 96 = 2*k + 5*m. Calculate the greatest common divisor of 3 and k.
3
Let o(p) be the first derivative of 39*p**2/2 - 104*p - 120. Let v be o(8). Calculate the greatest common divisor of v and 16.
16
Suppose 540 = 11*d - 736. Let x be (2*3/(-5))/((-4)/290). What is the greatest common divisor of x and d?
29
Suppose -13256 = -16*i + 4520. What is the greatest common factor of i and 11?
11
Let b be ((-6)/(-5))/(2 + 4617/(-2310)). Calculate the highest common factor of b and 168.
84
Suppose j - 1322 = -4*t, -3*j + 55*t = 60*t - 3924. What is the highest common divisor of j and 1357?
59
Suppose 92 = 4*y + 3*h - 1451, -5*y + 5*h + 1990 = 0. Calculate the greatest common divisor of 621 and y.
23
Let x be (22 - 6 - 12) + (-1 - -6). What is the greatest common factor of x and 279?
9
Let d be 264/(-110) - (-1168)/20. Let f(z) = -z + 1. Let h be f(-6). What is the greatest common divisor of h and d?
7
Let f be 16 + -12 + -1 + -1 + -2. Suppose 2*j + 3*g - 33 = f, 21 = -5*j + 8*j - 5*g. Suppose 2*v = j + 6. Calculate the greatest common divisor of v and 117.
9
Let s be 457 - (-47)/235*(1 - 6). Calculate the greatest common divisor of s and 1672.
152
Suppose -4*p + 350 + 354 = 2*a, 3*a - 4*p = 1056. What is the highest common divisor of a and 154?
22
Let h(v) = v**3 + 5*v**2 + 2*v + 4. Let c be h(-4). Let i(f) = -f**3 + 11*f**2 + 24*f + 36. Let y be i(11). Calculate the highest common divisor of y and c.
12
Suppose -4*z + 5801 = t, 11*z - 7*z - 5821 = -5*t. What is the greatest common divisor of z and 315?
63
Suppose 923 = 7*r - 4061. Let q = 725 - r. What is the greatest common divisor of 247 and q?
13
Let j be 6 - (-1 - -3) - 749/1. Let f = -201 - j. What is the highest common divisor of f and 68?
68
Suppose -3*t - t + z + 223 = 0, 0 = 3*z + 9. Let d = -636 - -638. Suppose 5*x = 4*w + 110, 5*w - 25 - 19 = -d*x. What is the greatest common divisor of x and t?
11
Let i(j) = 404*j**2 + 39*j + 2. Let v be i(-2). Let p be (5/((-50)/12))/((-33)/v). What is the highest common divisor of 28 and p?
28
Let z = -44 - -50. Suppose -88*s + z = -85*s. Suppose j - 4*j = 3*x - 93, -s*x + 2*j + 78 = 0. Calculate the greatest common factor of x and 70.
35
Let w(i) = -i**2 + 44*i - 30. Let y be w(17). Let r = 447 - y. Calculate the highest common divisor of 9 and r.
9
Let x be (4 - -296) + -6 - (15 - 18). What is the highest common factor of 288 and x?
9
Let z = 416 + -102. Let j = -58 + z. Suppose 3*h - h = j. Calculate the greatest common factor of 32 and h.
32
Let d(v) = -2*v - 1. Let h = 53 + -58. Let g be d(h). What is the highest common factor of 18 and g?
9
Let q = -2181 + 2202. Calculate the highest common factor of q and 9.
3
Suppose 187*k - 6121 = 465 + 4634. Calculate the highest common divisor of 1452 and k.
12
Suppose -6*p + 60 - 46 = -130. Calculate the highest common divisor of p and 1002.
6
Suppose -8*x + 283 = -5. Let w be 34/9 - (-8)/x. Calculate the greatest common divisor of 6 and w.
2
Let q(g) = -g**2 + 24*g - 36. Let b be q(23). Let v be b*(4/(-8) - (-14)/4). Let n = 55 + v. What is the greatest common divisor of 176 and n?
16
Let h(b) = 2*b**3 - 23*b**2 - 36*b - 19. Let s be h(13). Calculate the highest common divisor of s and 6140.
20
Let d(s) = 27*s - 657. Let f be d(55). Calculate the highest common factor of f and 736.
92
Suppose -691 - 11 = -3*i. Let o be -1 + (-119)/(-7) + 2. Calculate the highest common factor of o and i.
18
Let j(b) be the third derivative of 0 + 13*b**2 - 2/3*b**3 + 0*b - 11/24*b**4. Let n be j(-1). Calculate the greatest common factor of n and 7.
7
Let z(n) = -139*n - 410. Let g be z(-5). What is the greatest common divisor of 405 and g?
15
Let g = -5237 - -44362. What is the highest common divisor of 125 and g?
125
Let d be 4/(-14) + 81/63 - 1. Suppose d = -24*b + 197 + 259. What is the greatest common factor of 38 and b?
19
Let t be -14 + 1128/36 + 6/9. Calculate the highest common factor of t and 25.
1
Suppose 110*f = 100*f + 120. Suppose 5*t + 5 = 6*t. Suppose -4*n + 63 = t*o, -3*n - 4*o = -4*n. What is the highest common factor of f and n?
12
Suppose -3*n - f = -55, 5*f + 2 = -n - 3. Let u(s) = s**2 + 3*s + 4. Let b be u(n). What is the highest common divisor of 16 and b?
16
Let c be (-869)/(-99) + 4/18. Suppose -87 = 4*b - 3*j, -3*b + 3*j = -2*b + 15. Let k be 1 + (-7)/(21/b). What is the highest common factor of k and c?
9
Suppose 4*h - 61 = -a, -5*h - 3*a + a = -77. Let f = 134 - 301. Let n = -157 - f. Calculate the greatest common divisor of n and h.
5
Let f(j) = -j**2 + 10*j - 8. Let c be (-6)/(-9)*12 + 8/2. Let z = c - 6. Let h be f(z). What is the greatest common factor of h and 1?
1
Suppose -24*j + 1838 = 20*j + 254. Calculate the greatest common divisor of 174 and j.
6
Let n(r) = 2*r**2 + 330*r - 984. Let y be n(3). Suppose 0*c = -c + 42. What is the greatest common divisor of c and y?
6
Let p be (38/(-4))/(4/(-8)). Suppose z + 2*x = 13, -2*x - 895 + 910 = 3*z. Calculate the greatest common factor of z and p.
1
Suppose -2*i - 6587 = -5*h - i, h - 3*i = 1323. Let c = h + -883. Calculate the greatest common divisor of c and 62.
62
Suppose -38849 = -24*i + 24751. Calculate the greatest common divisor of i and 110.
10
Let q be (-14775)/(-675) - 3/(-27). Calculate the greatest common divisor of 4411 and q.
11
Let i be 3/9 + (-7)/((-21)/(-22)) - -222. Calculate the highest common divisor of 1978 and i.
43
Let p(k) = k**3 - 22*k**2 + 6*k + 27. Let s be p(22). Suppose -4*r + s = -5*m - 146, -5*m + 15 = 0. Calculate t